at are the prime factors of 46918424?
2, 7, 643, 1303
List the prime factors of 692069831.
229, 727, 4157
List the prime factors of 1974233057.
19, 113, 919531
What are the prime factors of 608013429?
3, 83, 103, 151, 157
List the prime factors of 5789765.
5, 1157953
What are the prime factors of 2833292004?
2, 3, 236107667
What are the prime factors of 83377489?
13, 6413653
What are the prime factors of 120264768?
2, 3, 13, 16061
What are the prime factors of 3036934676?
2, 759233669
What are the prime factors of 100453388?
2, 7, 101, 35521
List the prime factors of 60087970.
2, 5, 6008797
What are the prime factors of 2975139360?
2, 3, 5, 2066069
List the prime factors of 7872855300.
2, 3, 5, 8747617
List the prime factors of 7376451109.
9833, 750173
List the prime factors of 2858265325.
5, 59, 1937807
What are the prime factors of 166706783?
23, 53, 163, 839
List the prime factors of 198858884.
2, 7, 7102103
List the prime factors of 108239371.
19, 67, 85027
List the prime factors of 950117823.
3, 35189549
List the prime factors of 109215288.
2, 3, 7, 13, 79, 211
What are the prime factors of 54022090?
2, 5, 17, 317777
What are the prime factors of 7661344408?
2, 67, 1879, 7607
What are the prime factors of 298560105?
3, 5, 467, 14207
What are the prime factors of 5275655997?
3, 23053, 76283
List the prime factors of 550727183.
31, 17765393
List the prime factors of 619256805.
3, 5, 911, 45317
What are the prime factors of 240112637?
2579, 93103
What are the prime factors of 66750913?
66750913
What are the prime factors of 252663842?
2, 59, 2141219
List the prime factors of 1363621652.
2, 701, 486313
What are the prime factors of 4378067117?
11939, 366703
What are the prime factors of 176266788?
2, 3, 131, 112129
What are the prime factors of 136075688?
2, 7, 2429923
What are the prime factors of 97438576?
2, 6089911
List the prime factors of 57384301.
13, 29, 152213
What are the prime factors of 89806915?
5, 11, 1632853
What are the prime factors of 103503572?
2, 271, 95483
List the prime factors of 6469967187.
3, 1543, 465901
What are the prime factors of 392061526?
2, 31, 6323573
List the prime factors of 66225963.
3, 19, 1063, 1093
List the prime factors of 2286452230.
2, 5, 17, 157, 85667
What are the prime factors of 377246783?
37, 43, 67, 3539
List the prime factors of 25227027.
3, 7, 400429
What are the prime factors of 891704917?
23, 38769779
What are the prime factors of 136316565?
3, 5, 7, 11, 39341
What are the prime factors of 82465832?
2, 10308229
What are the prime factors of 9897260?
2, 5, 47, 10529
What are the prime factors of 1080548623?
7, 11, 457, 30707
List the prime factors of 232996780.
2, 5, 107, 108877
What are the prime factors of 2151336631?
491, 4381541
What are the prime factors of 62601863?
62601863
List the prime factors of 63948237.
3, 17, 1253887
List the prime factors of 128346918.
2, 3, 7, 439, 6961
List the prime factors of 2482399775.
5, 23, 193, 22369
What are the prime factors of 71778534?
2, 3, 11963089
List the prime factors of 254416277.
254416277
What are the prime factors of 89684925?
3, 5, 11, 108709
What are the prime factors of 284088585?
3, 5, 11, 1721749
List the prime factors of 230729310.
2, 3, 5, 7, 40693
List the prime factors of 1569698675.
5, 307, 204521
List the prime factors of 4450262296.
2, 43, 3557, 3637
What are the prime factors of 240143255?
5, 11, 396931
What are the prime factors of 261546396?
2, 3, 229, 95177
List the prime factors of 255024574.
2, 7, 19, 958739
What are the prime factors of 1374726643?
29, 47404367
What are the prime factors of 128937407?
113, 1141039
List the prime factors of 2439295540.
2, 5, 11, 11087707
List the prime factors of 643590613.
643590613
List the prime factors of 1870507753.
1723, 1085611
What are the prime factors of 797245952?
2, 179, 8699
List the prime factors of 564570761.
199, 2837039
What are the prime factors of 439715125?
5, 311, 11311
List the prime factors of 3025221893.
17, 31, 5740459
List the prime factors of 1821079408.
2, 113817463
List the prime factors of 131698368.
2, 3, 23, 9941
What are the prime factors of 47706606?
2, 3, 19, 139493
What are the prime factors of 178691498?
2, 107, 787, 1061
List the prime factors of 330215181.
3, 79, 1393313
List the prime factors of 2870021234.
2, 113, 12699209
List the prime factors of 503797305.
3, 5, 11, 3053317
What are the prime factors of 137865514?
2, 167, 412771
What are the prime factors of 1700249622?
2, 3, 31, 9141127
List the prime factors of 4262450299.
1621, 2629519
List the prime factors of 2472683.
2472683
What are the prime factors of 346645306?
2, 7, 3537197
What are the prime factors of 1375209699?
3, 137, 151, 22159
List the prime factors of 44548832.
2, 53, 26267
What are the prime factors of 64172988?
2, 3, 11, 162053
List the prime factors of 125087692.
2, 101, 309623
What are the prime factors of 30327065?
5, 17, 61, 5849
What are the prime factors of 52248351?
3, 17416117
What are the prime factors of 36167722?
2, 37, 47, 10399
List the prime factors of 2734900697.
2734900697
What are the prime factors of 228805526?
2, 114402763
What are the prime factors of 1463732279?
19, 103, 113, 6619
What are the prime factors of 213210561?
3, 71070187
List the prime factors of 758619482.
2, 379309741
What are the prime factors of 158570802?
2, 3, 13, 109, 6217
List the prime factors of 350179711.
7, 61, 820093
List the prime factors of 838020075.
3, 5, 271, 41231
What are the prime factors of 63230671?
7, 1483, 6091
List the prime factors of 424653373.
424653373
What are the prime factors of 284916156?
2, 3, 7, 3391859
What are the prime factors of 2513470222?
2, 23, 54640657
List the prime factors of 291177152.
2, 7, 179, 3631
List the prime factors of 520909793.
373, 1396541
What are the prime factors of 304492837?
11, 23, 29, 47, 883
What are the prime factors of 92819060?
2, 5, 4640953
List the prime factors of 42073138.
2, 31, 678599
List the prime factors of 216988527.
3, 7, 17, 29, 20959
List the prime factors of 214755845.
5, 42951169
What are the prime factors of 504799735?
5, 11, 9178177
List the prime factors of 592877720.
2, 5, 17, 51287
List the prime factors of 156827998.
2, 29, 93239
List the prime factors of 155792304.
2, 3, 1081891
What are the prime factors of 251477553?
3, 353, 237467
What are the prime factors of 1116092471?
13, 19, 421, 10733
List the prime factors of 87332802.
2, 3, 37, 227, 1733
What are the prime factors of 331017304?
2, 109, 379607
List the prime factors of 173583840.
2, 3, 5, 103, 3511
List the prime factors of 875725422.
2, 3, 11, 13, 181, 5639
List the prime factors of 1586443227.
3, 73, 373, 19421
List the prime factors of 35772207.
3, 137, 87037
What are the prime factors of 7502173?
7, 1071739
What are the prime factors of 5942928?
2, 3, 17, 7283
List the prime factors of 94254170.
2, 5, 37, 254741
What are the prime factors of 58400838?
2, 3, 29, 31, 401
List the prime factors of 32472298.
2, 73, 197, 1129
List the prime factors of 647379465.
3, 5, 17, 313, 8111
What are the prime factors of 5578507852?
2, 1394626963
What are the prime factors of 7094731692?
2, 3, 591227641
What are the prime factors of 5256935612?
2, 1314233903
What are the prime factors of 447116427?
3, 53, 937351
List the prime factors of 56969079.
3, 29, 654817
What are the prime factors of 6079697579?
15473, 392923
What are the prime factors of 147577289?
17, 107, 81131
List the prime factors of 878902248.
2, 3, 7, 67, 113, 691
List the prime factors of 861682974.
2, 3, 29, 4952201
List the prime factors of 172129343.
2791, 61673
What are the prime factors of 157765679?
157765679
What are the prime factors of 107756702?
2, 23, 2342537
List the prime factors of 48261040.
2, 5, 163, 3701
List the prime factors of 28243771.
397, 71143
What are the prime factors of 528880345?
5, 7, 15110867
List the prime factors of 31263995.
5, 7, 893257
What are the prime factors of 394360895?
5, 78872179
What are the prime factors of 953206629?
3, 503, 631681
List the prime factors of 274290957.
3, 103, 449, 659
List the prime factors of 495684609.
3, 7, 181, 130409
What are the prime factors of 46616727?
3, 1721, 9029
What are the prime factors of 65471476?
2, 7, 